- 468 = -i. Let g = -233 - i. Determine u(g).
31
Let f(h) = 9*h + 34. Let u be 28/(-6) - (-13)/(-429)*11. Give f(u).
-11
Let m(l) be the first derivative of l**3/3 - 2*l**2 - 64*l - 600. Determine m(11).
13
Let c be 0 - (-10 + (8 - 20)). Let l(k) = 2*k - 12. Give l(c).
32
Let o be (-7*6/(-84))/((-5)/210). Let x(f) = 6*f + 127. Determine x(o).
1
Suppose 3*h - 2*a + 4 - 20 = 0, 13 = 2*h + a. Let q(b) = 3 + h*b - 4 + 4*b - b**2 - 2*b. Suppose 0*m = -2*m + 10. What is q(m)?
14
Let k be 2/(0 - (0 - 1)). Let v(u) = 41 - k*u + 36 + u - 75. Determine v(9).
-7
Let a(t) be the third derivative of t**6/360 - 19*t**5/120 + t**4/12 - 41*t**3/3 + 191*t**2. Let x(l) be the second derivative of a(l). Calculate x(6).
-7
Let t(x) = 13*x**2 + 15 + 13*x**2 + 425*x - 27*x**2 - 429*x. Let f be 4*(-7)/(-4)*-1. What is t(f)?
-6
Let v(r) = r + 9 - r**3 - 2 - 9*r**2 - 10*r. Let o(f) = 128*f - 46. Let j be o(3). Let b = -346 + j. Determine v(b).
15
Suppose -19*q + 168 = -13*q. Let s be 3*(-7)/42*(2 - q). Let a(i) = i**2 - 14*i + 5. Determine a(s).
-8
Let r(i) = -22*i + 26. Let l(d) = 17*d - 26. Let j(x) = -4*l(x) - 3*r(x). Determine j(-11).
48
Let a(z) be the third derivative of 17*z**4/24 - 5*z**3/6 - 509*z**2. Give a(1).
12
Let z(c) = -c**2 - 3*c + 1. Let r be z(-3). Let s(w) = 39*w**2 + 437*w - 1. Let n(l) = 2*l**2 + 19*l. Let f(k) = 23*n(k) - s(k). Calculate f(r).
8
Let k(q) = 6*q + 1. Suppose -18 = -j - 5*n, 5*j = 5*n + 392 - 152. Let l = j + -38. Suppose -2*o = l*h - 0*h + 9, 3*o - 12 = h. What is k(o)?
19
Let a(j) be the second derivative of j**4/12 - 23*j**2/2 + 311*j - 8. What is a(7)?
26
Let l(k) = -2*k**3 - 12*k**2 - 2*k + 12. Let j be l(-6). Let o be 1/1*(-3 - j/(-3)). Let r(w) = -w**3 + 5*w**2 - w + 4. What is r(o)?
-1
Let p(x) = x**2 + 2*x + 2. Let h(a) = 3*a + 2 + 0 - 2*a**2 - 1 - 2. Let z be h(2). What is p(z)?
5
Let h(r) = -r**2 - 6*r - 3. Let i(z) = -21*z + 52. Let w be i(2). Suppose -a - 2 = -j, -14*a - 23 = j - w*a. Determine h(j).
6
Let y(o) = 3*o + 2*o**3 - o - 3*o**2 + 0*o - 3. Suppose -p - 5*p + 30 = 0. Suppose p*j + 6 + 15 = -2*l, 3*j + 25 = 5*l. Calculate y(l).
5
Let s = -1731 - -1729. Let w(n) = 2*n**2 + 13 - 13. Determine w(s).
8
Let v = 13 - 6. Suppose 2*y + 15 = v*y. Let q(l) be the first derivative of -l**4/4 + l**3 - l**2/2 - 2*l - 339. Calculate q(y).
-5
Let z = -19162 + 19168. Let m(t) = 53*t - 320. Give m(z).
-2
Let n(l) be the second derivative of -l**3/6 + 13*l**2/2 + l. Let h = 815 + -787. Suppose 0 = -4*j + 8*j + f - h, 3*f = -j + 7. Calculate n(j).
6
Suppose 0*p = -5*x - 4*p + 4, -4*p = -5*x - 4. Let t(s) = 215*s - 7. Let n(u) = 54*u - 1. Let f(r) = 4*n(r) - t(r). Determine f(x).
3
Let d(n) = -23*n + 2. Let s(k) = 10*k - 3. Let y be s(1). Let g(u) = u**2 - 2*u - 33. Let t be g(y). Determine d(t).
-44
Let c(h) = -7*h**2 + 8*h - 53. Let o(l) = l**2 - 2*l. Let v(b) = c(b) + 5*o(b). Let t(w) be the first derivative of v(w). What is t(2)?
-10
Let v(b) = b**3 + 8*b**2 + 16*b + 6. Let u(j) = 4*j**3 + 30*j**2 + 66*j + 24. Let h(g) = -2*u(g) + 9*v(g). Determine h(-11).
-5
Let a(n) = 4*n**3 - 30*n**2 + 2*n + 22. Let i(u) = 5*u**3 - 35*u**2 + 3*u + 24. Let f(s) = -6*a(s) + 5*i(s). Give f(-3).
-3
Let i(u) be the third derivative of -u**4/3 + u**3/6 + 7*u**2. Let c(o) = -o**2 + 19*o - 80. Let d be c(13). Determine i(d).
17
Let l(s) = -s**3 - 7*s**2 - 2*s - 9. Suppose 15 = -2*t + 77*u - 76*u, 18 = -2*t - 2*u. Determine l(t).
71
Let q(t) be the second derivative of 5*t - 10 + 1/20*t**5 + 3/2*t**2 + 0*t**3 + 2/3*t**4. Calculate q(-8).
3
Let d(a) = -195 - 197 - a**3 - 2*a - a**2 - a**2 - 200 + 589. Give d(-3).
12
Let k be ((-116)/(-16) + -4)*(188 - 192). Let m(f) = f**2 + 11*f - 19. Let w(x) = 1. Let p(y) = m(y) + 5*w(y). Determine p(k).
12
Suppose 19 = 5*p - 11. Let u = p - 5. Let n(q) = -14*q + 9. Let v(z) = -12*z + 7. Let x(d) = 4*n(d) - 5*v(d). Determine x(u).
5
Let i(d) be the first derivative of -d**3/3 - 7*d**2/2 - d + 2983. What is i(-3)?
11
Let z be -6 + -40*(-1)/8. Let u(j) = 30*j**2. Calculate u(z).
30
Let l(a) be the third derivative of 7*a**5/60 + 3*a**4/8 - 2*a**3/3 + 8635*a**2. Determine l(-2).
6
Let r(c) = 625091 - 625091 - 13*c. Let t(q) be the third derivative of q**5/60 - q**4/12 + q**3/6 - 2*q**2. Let b be t(0). Determine r(b).
-13
Let v(q) = q - 3. Let n(r) be the second derivative of -r**3/6 + 5*r**2/2 - 162*r. Let i(y) = 6*n(y) + 7*v(y). What is i(-7)?
2
Let w(c) be the second derivative of -3*c**5/20 + c**4/12 - c**3/6 + c**2/2 - 1004*c. Let f(g) = g**3 - 12*g**2 + 10*g + 12. Let n be f(11). Calculate w(n).
-2
Suppose -9 + 3 = b. Let n(i) be the third derivative of -i**4/12 - i**3 + i**2 - 344*i. Give n(b).
6
Suppose -201 + 110 = -15*x + 284. Let k(d) = -d**3 + 25*d**2 + 3*d - 32. Give k(x).
43
Suppose 8*n - 94 = 10. Let t(m) = 3*m + 12*m**2 - n*m**2 + 0 + 3 + 0. Determine t(5).
-7
Let g be (0 - (-140)/(-24)) + -8*(-33)/44. Let x(t) be the second derivative of g*t**3 + 0*t**2 + 28*t + 0. Determine x(2).
2
Let h(x) = -66463*x - 3*x**2 + 66462*x - 1 - x**3 - 5*x**2. Let b(n) = n + 4. Let o(g) = -g - 8. Let v(l) = -7*b(l) - 4*o(l). Let d be v(4). Calculate h(d).
7
Suppose 584 = 28*b + 118*b. Suppose -q + 16 + 9 = -2*k, 2*k + 10 = 0. Suppose q*d - 16*d = b. Let h(i) = i. Give h(d).
-4
Suppose b + 0*b - 7 = x, b = 4*x + 13. Let r(k) be the first derivative of -k**2/2 - 3*k + 243. What is r(b)?
-8
Let s = 15 + -10. Let t(v) = 6*v - 25. Determine t(s).
5
Let s(b) = 24*b - 1. Let p = -3120 - -3121. Calculate s(p).
23
Let h(g) be the third derivative of -g**5/15 + g**4/8 - g**2. Suppose 0 = 16*n - 8*n - 360. Suppose 21*o - n = -3. Determine h(o).
-10
Let f(l) = 4*l**3 + 17*l**2 + 15*l + 161. Let i(u) = 19*u**3 + 82*u**2 + 80*u + 803. Let n(o) = 14*f(o) - 3*i(o). Give n(-7).
6
Let r(u) = -u**2 - 2*u + 3. Let m be (-13)/(-13)*(2 + 1). Suppose -4*b + 4*f + 4 = -b, -3 = -m*b + 3*f. Suppose -3 = p - b*p. Determine r(p).
0
Let t(v) be the first derivative of -v**3/3 - 4*v**2 - 8*v - 1. Suppose -g = 2*a - 26, -61 + 20 = -3*a - 2*g. Suppose a*i = -16 - 50. Give t(i).
4
Let u(j) = 5*j**2 + 14*j - 11. Let n(m) = m**2 + 3*m - 2. Let v(x) = 22*n(x) - 4*u(x). Suppose 12*a - 31*a - 133 = 0. Determine v(a).
28
Suppose 0 = 19*o + 10 - 48. Let q(m) = -2*m**2 + m**3 - 3*m - 1 + 2*m**2 + 4*m**o. Give q(-4).
11
Let v(r) = -r**3 - 13*r**2 - r + 8. Let n(u) = u**3 + 14*u**2 + 3*u - 9. Let k(m) = -5*n(m) - 6*v(m). Let y = -71 - -46. Let a = 16 + y. Give k(a).
-3
Let q(p) = 3 + 44607*p**2 - 8 - 6*p - 44608*p**2. Suppose -3*t - 3*j = 9, 0 = -2*t - 2*t - j - 15. Let d be q(t). Let x(l) = -l**3 + 3*l - 2. Calculate x(d).
-20
Let q(j) = j**3 - 9*j**2 - 10*j + 1. Let s be 3/7*(7 - (4 + -4)). Suppose 12*p = s*p + 90. Give q(p).
1
Suppose -s - 2*x = -15, 0 = 2*s - x + 12 - 7. Let d(y) = -28*y + 27. Give d(s).
-1
Let d(f) = -2*f**2 - 4*f + 153 - 190 + 3*f. Give d(0).
-37
Let w(u) = u**3 + 8*u**2 + 4*u + 26. Let m be w(-8). Let a be -2 + 4 + m - -8. Let t(l) = l**2 - 4*l. Determine t(a).
0
Let r = -1199 + 1203. Let k(p) = -3*p**2 + 15*p - 13. Give k(r).
-1
Let w(b) = -16*b. Let j be (2 - 2)*(0 + -1). Suppose -9*k + 35 = -4*k - 5*u, 0 = -4*k - 3*u + 35. Suppose j = -p + 4*d + 5, -4*p + 3*d = -d - k. Determine w(p).
-16
Let y(n) = -n**3 + 5*n**2 + 6*n - 7. Let l be 8/(-28) - 16836/(-28). Let c = 607 - l. Give y(c).
-7
Let t be (-9)/2 + (-18569)/(-3594). Let r(k) be the first derivative of t*k**3 - k**2 - 30 + k. Calculate r(2).
5
Let m(n) = 15*n + 2. Let f(q) = 13*q**2 + 34*q + 11. Let i be f(-2). Determine m(i).
-73
Let r be (2/(-24)*-4)/(6/(-450)). Let i be 5 - (r - (1 + -9)). Let a(k) = k**2 - 21*k - 24. What is a(i)?
-2
Let q(g) = 7*g**3 + 7*g**2 + 13*g - 6. Let j(h) = 3*h**3 + 4*h**2 + 6*h - 3. Let k(x) = 5*j(x) - 2*q(x). Let f = -142371 - -142366. What is k(f)?
2
Let f(m) = -m**3 + 7*m**2 - 13*m + 37. Let s be f(7). Suppose 424 = 3*i - 11*i. Let w = i - s. Let q(h) = -5*h**2 - h + 1. What is q(w)?
-5
Suppose 3*n + 9 = -5*s + 1, -2*s - 3 = n. Let r(y) be the third derivative of 0 + 0*y - 1/10*y**5 - 1/12*y**4 - 1/6*y**3 - 12*y**2. Determine r(n).
-5
Let k(c) = -c**3 + 8*c**2 - 4*c - 4. Let m(w) = 8*w + 126. Suppose -4*q = 16, 4*o - 5*q - 80 = 8*o. Let l be m(o). Calculate k(l).
44
Suppose z - 2*z - 2*s = 8, 5*z = 4*s + 30. Let x(t) be the first derivative o